Let i(n) = n**2 + 7*n + 4. What is i(m)?
-6
Let b(y) be the second derivative of 2*y**3/3 + y**2 - 24*y. What is b(-4)?
-14
Let b = 8 + -7. Let k(f) = 9 - 2*f + 13 - 9*f**2 - 21. Calculate k(b).
-10
Let d(q) = q**2 + 8*q + 3. Let t(h) = -h**2 - 6*h + 1. Let m be t(-7). Give d(m).
-9
Let x(o) = 2*o**3 + 2*o**2 + 5*o + 3. Let n be x(-1). Let y(v) = 0*v**2 - v**2 - 3 + 2*v + v**3 - 4*v. Calculate y(n).
-11
Let i = -5 + 2. Let p be (-1)/(-2)*(2 - -8). Let t(r) = p*r - 3*r + r - 5*r + 3. Give t(i).
9
Let i(q) = 4*q + 1. Suppose -3*u - 1 + 4 = 0. Calculate i(u).
5
Suppose m - 2*m = s - 3, -1 = m + 3*s. Let i = 13 - m. Let h = 11 - i. Let p(r) = -r**3 + r**2 + 4*r + 1. Calculate p(h).
-5
Let i(h) = -3*h + 3. Let b = -1 + 16. Let c = b - 12. Calculate i(c).
-6
Let o(b) = -3*b + 9. Let r = 71 + -65. Give o(r).
-9
Let o be 10/4 - 2/(-4). Let z(w) = 0*w**2 + w**3 + 0*w**2 - 2*w**2 - 5*w + 3. Calculate z(o).
-3
Let a be 14/12 - (10/(-15))/(-1). Let p(b) be the third derivative of -a*b**3 + 1/60*b**5 + 0*b + 0 + 2*b**2 - 1/8*b**4. Give p(3).
-3
Let b(f) = 3*f - 3. Let h be -2 - 5/(15/(-9)). Let r be (h + 1)*(3 - 1). Give b(r).
9
Let i be 1/(-1)*(-7 + 4). Suppose -i*b = -b - 6. Let l(q) = q + 3. Determine l(b).
6
Let f(i) = -i**3 + 4*i**2 - i - 4. Let g be f(3). Let z(j) = -3*j + g + 2 + 0*j + j. Determine z(3).
-2
Let k(b) = 4*b - 5*b**2 + b**2 - 4 + 2*b**3 + 0*b - b**3. Calculate k(3).
-1
Let y be (-4)/12*(-8 + -1). Suppose f + y = -2. Let p = f + 3. Let w(z) = -z**3 - 3*z**2 - 2*z + 2. Calculate w(p).
2
Suppose f - 5*f = 0. Let i(x) = -x - 1 + f + 2*x. Calculate i(1).
0
Let c be 2 + -5 + 0 + (-2 - -3). Let b(f) = 4*f**2 + 2*f - 2. Calculate b(c).
10
Suppose 5*m + 2*l + 5 = 4*m, 0 = 5*m + 5*l. Suppose -m*s + 6 - 26 = 0. Let w = s - -9. Let i(r) = r**3 - 4*r**2 - 4*r + 1. Give i(w).
6
Let i(z) = z**3 - 5*z**2 + 3*z - 3. Let a be 20/6*(-27)/(-18). Determine i(a).
12
Let r be (-48)/(-10) + 2/10. Let a(g) = -4*g + 30. Let j(w) = -w + 7. Let y(p) = -2*a(p) + 9*j(p). Calculate y(r).
-2
Let c = 2 + -6. Let l(g) be the first derivative of -g**3/3 - 2*g**2 + 3*g + 1. Give l(c).
3
Let m(w) = -3*w. Suppose -4*i + 12 = -k, 18 + 4 = 5*i - 3*k. Suppose 3*q + 8 = i. Determine m(q).
6
Let r = -1 - -3. Let d(j) = -j - 5*j**2 - 5 - 1 + 5 + r - j**3. Calculate d(-5).
6
Let w(u) be the second derivative of 0*u**2 + 0 + 1/6*u**3 - 4*u. What is w(6)?
6
Suppose 4*c - 2 = 14. Let f(r) be the first derivative of 5/3*r**3 - 1 + 4*r + 0*r**2 - 1/4*r**c. What is f(5)?
4
Suppose -5*x = -0 - 5. Let u(z) = -18*z - 1. Calculate u(x).
-19
Let k(y) = 3*y + y**2 + 4 - 5 - 1. Let r be k(-4). Let j(o) = o**2 - o - 2. Give j(r).
0
Let f(y) = -y - 3. Let k = -6 + 3. Let u be 1 - (-6)/k - -4. Suppose w - n = 0, -u*n - 8 = -5*w - 0*w. Give f(w).
-7
Let i(q) = 6*q - 5. Let k be i(6). Suppose -2*u + k = 5*h, 4*h + u = 4*u + 11. Suppose h = -v + 2. Let n(b) = -b**3 - 2*b**2 + 4*b + 1. What is n(v)?
-2
Suppose 6*l - l = 0. Suppose l = -o - 2*o - 9. Let r(i) = -4*i**2 - 9 + 10 - i**3 - 4*i - i**2. What is r(o)?
-5
Let f = 9 + -6. Suppose f*a = -6, -5*z + 0*a - 2*a + 6 = 0. Let y = z + -3. Let j(u) = -u**3 - 2*u**2 + 1. Calculate j(y).
0
Let s(b) = -3*b + 4*b**2 + 2 - 5*b**2 - b. Suppose -4*m = -0*m - 5*w + 11, 0 = -2*m - 3*w - 11. Give s(m).
2
Let k(v) = -7*v. Let b(c) = c**3 - c**2 - 2*c + 2. Let g be b(2). Suppose -g*o = 3*o - 5. What is k(o)?
-7
Let t(m) = 3*m**2 + 14*m - 2 - 2*m**2 + 16*m - 34*m. Determine t(4).
-2
Let x(k) = -k**3 + 7*k**2 - 5*k - 4. Let p = -10 - -16. Give x(p).
2
Let w = -26 + 34. Let t(v) = v**3 - 8*v**2 + 2*v - 11. Calculate t(w).
5
Suppose -30 = -5*j - 4*w + 2*w, -9 = -j - w. Let i(c) = -c**2 + c + 1. Determine i(j).
-11
Let f(j) = -j**2 + j + 2. Let o(d) = -2*d - 39. Let z be o(-24). Let x(h) be the first derivative of h**2/2 - 5*h + 1. Let y be x(z). Determine f(y).
-10
Let t(j) = -j**2 - 4*j + 5. Let k be t(-5). Let b be 1*(-3)/6*k. Let f(x) be the third derivative of -x**5/60 - 7*x**3/6 - 2*x**2. Calculate f(b).
-7
Let x(a) = 2*a**3 - 2*a**2 - 2*a + 1. Let l be x(2). Let h(g) = -g**2 + 5*g + 6. Let f be h(l). Let j(k) = k + 1. Give j(f).
7
Suppose 17 = 2*x + 21. Suppose -f + 4*g - g = -5, f = -5*g - 3. Let z(v) = 3*v**2 + 0 + 2 - f*v**2 + 4*v. Determine z(x).
-2
Let h(d) be the third derivative of 3*d**2 - 1/6*d**3 + 0 + 0*d - 1/24*d**4. What is h(6)?
-7
Suppose 3*t = 3*x + 45, 4*x + 5 = t - 10. Suppose 5*g = -0*a - a + 17, 3*g - t = a. Suppose 0 = -3*k + 2 + g. Let z(y) = -2*y**2 - y - 1. Determine z(k).
-11
Let b = 8 + -2. Suppose 5*d = 3*k + 8, -2*k = -2*d - b*k + 24. Suppose -d*z + 2*f - 5*f - 1 = 0, 2*z = -f - 1. Let q(v) = -5*v**2 + v + 1. Give q(z).
-5
Let c(r) be the third derivative of r**7/2520 + r**5/24 + r**4/8 - 5*r**2. Let d(o) be the second derivative of c(o). Give d(0).
5
Let g(b) be the second derivative of 1/12*b**4 - 2*b + 0 - 3/2*b**2 - 2/3*b**3. Calculate g(4).
-3
Let o(t) = -t - 2. Suppose -3*r + 2 = -4. Let z be (r - 4) + 4/1. What is o(z)?
-4
Let a = 8 - 17. Let v(h) = h + 11. Let m be v(a). Let b(j) = j**2 + m*j + j - 3 - 2. What is b(-5)?
5
Let p(x) be the second derivative of -x**3/6 - 5*x**2/2 - 4*x. Let w be 0*(-3 - (-15)/6). Determine p(w).
-5
Suppose -3*y - 2*y + 10 = 0. Let f be (-10)/(-3) + y/(-6). Let d(v) = -v**3 + 4*v**2 - 4*v + 2. Determine d(f).
-1
Let u = 1 - -1. Let d be (-105)/(-28) + u/8. Let v(j) = j - 1. Calculate v(d).
3
Let q be (60/(-8))/(-5)*-2. Let d(s) = -s**3 - 2*s**2 + 4*s + 3. Determine d(q).
0
Let z(k) = 366*k**2 - 1 - 360*k**2 + 0*k - 2*k. Determine z(-1).
7
Let f(i) be the third derivative of -i**6/12 + i**5/30 + i**4/12 + i**3/6 - 24*i**2. Give f(-1).
11
Let t(z) = 2*z - 6. Suppose 5*k = -j + 12, 4*k = 3*j - 2 + 4. Let r be (-1)/(k/(-18) + 0). Suppose 4*b + r - 25 = 0. Determine t(b).
2
Let t be (-13)/(-2) - 1/(-2). Suppose -t - 1 = -4*p. Let x(o) = 5*o**2 + p - 3*o**2 + o + 0*o**2 + 3*o. Give x(-3).
8
Let w(q) = q**3 + 9*q**2 - 9*q + 12. Suppose 5*c + 42 = 2*p, 0 = -6*c + 4*c - 3*p - 32. Calculate w(c).
2
Let g(m) be the second derivative of -m**3/6 + 3*m**2/2 + m. Let u be g(0). Suppose u*x = -2*x + 20. Let d(c) = c**3 - 3*c**2 - 3*c + 3. Determine d(x).
7
Let v(k) = 2*k - 4. Let r = -3 - 0. Suppose -1 = -3*i - 13. Let d(o) = -3*o + 4. Let s(g) = i*v(g) + r*d(g). Give s(3).
7
Let n(k) = k**2 - 3*k - 4. Let z(p) = -2*p**2 - 12*p - 4. Let u be z(-6). Let y(r) = -2*r**2 + 4*r + 5. Let b(o) = u*y(o) - 5*n(o). What is b(1)?
2
Let z(s) = -s**2 - 2*s. Let a(p) = p**2 - 5*p - 17. Let d be a(7). Give z(d).
-3
Let z(p) = p**2 + 4*p - 4. Let n(h) = -4*h + 7. Let k be n(3). Give z(k).
1
Let c(x) = -x - 4. Let h be 1/(-2) + 9/2. Let i = h - 9. Let g be c(i). Let f(k) = 5*k**3 + k. Determine f(g).
6
Let h(a) be the first derivative of -a**2 + 3. Give h(-6).
12
Let n(d) = d**3 + d**2 - 2*d + 2. Let b(s) = 4*s - s + 0*s - 2*s + 2. Let c be b(0). What is n(c)?
10
Let x be -2 - ((-2)/2)/1. Let s(h) = 12*h**2 + 8*h - 5. Let b(q) = 11*q**2 + 7*q - 4. Let v(w) = -6*b(w) + 5*s(w). Give v(x).
-5
Let w(x) = -x - 1. Suppose 3*h - 15 - 9 = -3*i, 2*i + 6 = 0. Suppose -3*q + h = 2. Suppose 0 = 3*r - 3, -2*r - r + 18 = q*s. Give w(s).
-6
Let r(n) = 8*n**3 - n**2. Suppose -2 = -5*w - 17. Let p(i) = -2*i. Let c be p(-2). Let y = c + w. What is r(y)?
7
Let k(b) = -b**3 + 2*b**2 - 1. Let a be 20*12/(-8)*1. Let s be a/(-40) - (-1)/4. Determine k(s).
0
Let p be ((-18)/(-21) - 0)*-7. Let x(y) = -y - 5. Calculate x(p).
1
Suppose 0*i - 2*i = 8. Let v(h) = -h**2 - 4*h + 1. Let p be v(i). Let m(u) = 5*u. Determine m(p).
5
Let g(n) be the third derivative of 3*n**6/40 - n**5/60 + n**4/24 - n**3/6 + 8*n**2. Give g(1).
8
Let a(w) = w**3 + 5*w**2 - 3. Let i be a(-5). Let k(z) = 17*z - 5. Suppose 0 = 2*v + 15 + 7. Let q(n) = 9*n - 3. Let d(p) = v*q(p) + 6*k(p). Give d(i).
-6
Let q(o) = -2*o**2 + 6*o. Let n = -54 + 58. Determine q(n).
-8
Let w be ((-3)/(-9))/(9/(-108)). Let s(g) = -g - 3. What is s(w)?
1
Let m(t) = -2 + t - 5*t**3 + 1 - 2*t**3 + 0*t**3 - t**2. Calculate m(1).
-8
Let l(t) = t**3 + 7*t**2 + t + 7. Let y be (-47)/7 + 4/(-14). What is l(y)?
0
Let o(k) = -2*k**2 - 3*k - 3. Let f be o(7). Let n be f/(-12) - 3/18. Let r = 6 - n. Let l(z) = z**3 + 5*z**2 + 5*z + 2. What is l(r)?
-2
Let z(l) = -l + 1. Let u be z(-3). Let i(y) = 11*y**3 + 9*y**2